{"id":1935,"date":"2024-07-13T19:56:03","date_gmt":"2024-07-13T16:56:03","guid":{"rendered":"https:\/\/bal-yurdu.com\/?post_type=product&#038;p=1935"},"modified":"2024-07-13T19:56:45","modified_gmt":"2024-07-13T16:56:45","slug":"ceviz-receli","status":"publish","type":"product","link":"https:\/\/bal-yurdu.com\/index.php\/urun\/ceviz-receli\/","title":{"rendered":"Ceviz Re\u00e7eli"},"content":{"rendered":"<p>Ceviz Re\u00e7eli, \u00f6zenle se\u00e7ilmi\u015f taze cevizlerin do\u011fal malzemelerle birle\u015ferek olu\u015fturdu\u011fu e\u015fsiz bir lezzettir. Geleneksel y\u00f6ntemlerle haz\u0131rlanan bu re\u00e7el, cevizlerin sa\u011flad\u0131\u011f\u0131 t\u00fcm besin de\u011ferlerini ve faydalar\u0131n\u0131 korur. Ceviz, omega-3 ya\u011f asitleri, protein, lif ve \u00e7e\u015fitli vitaminler a\u00e7\u0131s\u0131ndan zengin olup, kalp sa\u011fl\u0131\u011f\u0131n\u0131 destekler ve beyin fonksiyonlar\u0131n\u0131 g\u00fc\u00e7lendirir. Ceviz Re\u00e7eli, kahvalt\u0131lar\u0131n\u0131zda, tatl\u0131lar\u0131n\u0131zda veya \u00e7e\u015fitli tariflerinizde kullanabilece\u011finiz sa\u011fl\u0131kl\u0131 ve lezzetli bir alternatiftir. Do\u011fal tatland\u0131r\u0131c\u0131larla \u00fcretilmi\u015f olup, hi\u00e7bir katk\u0131 maddesi veya koruyucu i\u00e7ermez. Sa\u011fl\u0131kl\u0131 ya\u015fam\u0131 ve lezzeti bir arada sunan Ceviz Re\u00e7eli, g\u00fcnl\u00fck beslenmenize m\u00fckemmel bir katk\u0131 sa\u011flar.<\/p>\n","protected":false},"excerpt":{"rendered":"<p>Ceviz Re\u00e7eli, taze cevizlerden do\u011fal malzemelerle haz\u0131rlanan, sa\u011fl\u0131kl\u0131 ve lezzetli bir re\u00e7eldir. Omega-3, protein ve lif bak\u0131m\u0131ndan zengin olup, kahvalt\u0131lar\u0131n\u0131za ve tatl\u0131lar\u0131n\u0131za e\u015fsiz bir tat katar. Katk\u0131 maddesi i\u00e7ermez, do\u011fal tatland\u0131r\u0131c\u0131larla \u00fcretilmi\u015ftir.<\/p>\n","protected":false},"featured_media":1936,"comment_status":"open","ping_status":"closed","template":"","meta":{"site-sidebar-layout":"default","site-content-layout":"default","ast-global-header-display":"","ast-banner-title-visibility":"","ast-main-header-display":"","ast-hfb-above-header-display":"","ast-hfb-below-header-display":"","ast-hfb-mobile-header-display":"","site-post-title":"","ast-breadcrumbs-content":"","ast-featured-img":"","footer-sml-layout":"","theme-transparent-header-meta":"default","adv-header-id-meta":"","stick-header-meta":"","header-above-stick-meta":"","header-main-stick-meta":"","header-below-stick-meta":""},"product_cat":[27],"product_tag":[],"jetpack_sharing_enabled":true,"_links":{"self":[{"href":"https:\/\/bal-yurdu.com\/index.php\/wp-json\/wp\/v2\/product\/1935"}],"collection":[{"href":"https:\/\/bal-yurdu.com\/index.php\/wp-json\/wp\/v2\/product"}],"about":[{"href":"https:\/\/bal-yurdu.com\/index.php\/wp-json\/wp\/v2\/types\/product"}],"replies":[{"embeddable":true,"href":"https:\/\/bal-yurdu.com\/index.php\/wp-json\/wp\/v2\/comments?post=1935"}],"wp:featuredmedia":[{"embeddable":true,"href":"https:\/\/bal-yurdu.com\/index.php\/wp-json\/wp\/v2\/media\/1936"}],"wp:attachment":[{"href":"https:\/\/bal-yurdu.com\/index.php\/wp-json\/wp\/v2\/media?parent=1935"}],"wp:term":[{"taxonomy":"product_cat","embeddable":true,"href":"https:\/\/bal-yurdu.com\/index.php\/wp-json\/wp\/v2\/product_cat?post=1935"},{"taxonomy":"product_tag","embeddable":true,"href":"https:\/\/bal-yurdu.com\/index.php\/wp-json\/wp\/v2\/product_tag?post=1935"}],"curies":[{"name":"wp","href":"https:\/\/api.w.org\/{rel}","templated":true}]}}